 h - 2*h. Let i = -37 - g. Suppose 0*l + l = i. Calculate the highest common factor of l and 5.
5
Let n = 98 - 121. Let h = n + 55. What is the greatest common divisor of h and 8?
8
Suppose -5*o + 122 = 2*a, -4*a - 37 - 79 = -5*o. Let k be ((-7)/4)/(-1*3/o). What is the highest common divisor of 63 and k?
7
Let g be 88/(-32)*-10 + 1/(-2). Calculate the highest common divisor of 207 and g.
9
Let m(a) = -a**3 + 5*a**2 - 5*a + 7. Let x be m(4). Suppose x*y = -2*y + 70. Calculate the greatest common factor of y and 2.
2
Let p(i) = i**3 + i**2 - 6*i + 5. Let c be p(5). Suppose -3*f - 150 = -6*f. Let z be f*(-1 + (-12)/(-8)). What is the highest common factor of z and c?
25
Suppose 3*m - 67 = -4*i, m = 2*i - 1 + 20. What is the highest common divisor of 609 and m?
21
Let p be (-1764)/(-22) + (-6)/33. Calculate the highest common factor of p and 15.
5
Suppose u - y - 765 = 0, 0 = 3*y - 12 - 3. What is the highest common factor of u and 70?
70
Suppose 0 = -4*o + 3*z + 85, 7*o - 6*o = -2*z + 13. Suppose 5*y + 64 = 539. What is the greatest common divisor of o and y?
19
Let h = 23 - 21. Suppose 2*i + 0*i + 2*s - 8 = 0, 3*s - 5 = -h*i. What is the highest common divisor of 35 and i?
7
Suppose 5*b + 0*b + 31 = -i, 3*b + 33 = -i. Let l = -32 - i. Calculate the highest common factor of 4 and l.
4
Let c = 68 + -35. Let n be -3*1*(-13 + 52). Let a be (-26)/n + (-196)/(-9). Calculate the greatest common divisor of c and a.
11
Let c = 1105 + -515. What is the greatest common divisor of c and 59?
59
Suppose 0 = 4*s - 125 - 3. Let f = -27 - -67. Let p be (26 - -4)/(5/(f/3)). What is the highest common divisor of s and p?
16
Let t = 343 + -279. Calculate the greatest common factor of t and 32.
32
Let u = 639 + -403. What is the highest common divisor of 1003 and u?
59
Let p be (3/9)/(6/594). Let n = p + -23. Suppose 3*y + 5*z = 146 - 1, -5*y - 2*z + 248 = 0. What is the greatest common factor of y and n?
10
Let p = 3074 + -82. What is the highest common factor of 88 and p?
88
Suppose 0 = -12*t + 9*t + 702. What is the greatest common factor of t and 36?
18
Let x be (4/6)/(2/432). Suppose 4*z = -x + 1204. Let r = z + -111. What is the greatest common divisor of r and 22?
22
Let j be 24/(-54) + (-482)/9. Let a = -30 - j. Suppose 3*q = -2*q + 60. What is the greatest common divisor of a and q?
12
Suppose 2*a - 3*l - 30 - 20 = 0, 0 = -5*l + 20. Let q = 1 + a. What is the greatest common factor of q and 160?
32
Let o(r) = -r**3 + 9*r**2 - 13*r + 6. Let w be o(7). Suppose p - 44 = 5*p. Let c = 128 + p. What is the highest common divisor of w and c?
13
Let d = 85 + -58. Let z = -278 - -287. Calculate the highest common divisor of z and d.
9
Let u(l) = -3 + l + 1 - 13. Let h be u(17). Suppose -h*r + i = -4*r + 492, 5*i - 745 = -3*r. Calculate the highest common divisor of r and 35.
35
Let g(s) = 20*s - 132. Let u be g(7). What is the highest common factor of 100 and u?
4
Let d(u) = u + 18. Let l be d(-17). Let v = 9 + l. Suppose 2*k - 22 = v. Calculate the greatest common divisor of 4 and k.
4
Let f be (-1 - 17)/(1/(-2)). Suppose 0 = -15*j + 9*j + 1944. Calculate the greatest common factor of j and f.
36
Suppose -60 - 14 = -2*p. Calculate the greatest common divisor of 629 and p.
37
Let d = 155 - 108. Suppose d = t - 4*s + 2*s, 47 = t - 5*s. Let y = -28 + t. Calculate the highest common factor of 152 and y.
19
Suppose -2*g - 3*r - 5 = 0, -g + 3*r - 16 = -0*g. Let d = 23 - g. What is the highest common divisor of 3 and d?
3
Let o(g) = 26*g**2 - 7*g + 14. Let i be o(2). Calculate the highest common divisor of 16 and i.
8
Let z = -198 - -218. Calculate the greatest common divisor of z and 1400.
20
Let o = -829 - -864. Calculate the greatest common divisor of 1085 and o.
35
Let o(d) = 9*d - 9. Let u be o(4). Let b = 43 - u. Suppose -4*q - 2 + 10 = 0. What is the greatest common divisor of q and b?
2
Let p be (-1772)/(-26) - (-18)/(-117). Suppose -3*q + p - 5 = 0. Calculate the greatest common factor of q and 84.
21
Let j = -363 + 413. What is the highest common factor of j and 20?
10
Let k be (912/14)/(15/105). Calculate the highest common divisor of 24 and k.
24
Suppose 13*w = 15*w - 18. Suppose -10 = -2*h, h = n + 10 - 58. Let a = 1 + n. What is the greatest common factor of w and a?
9
Suppose 584 = -4*t - 2*h, -5*t - 272 - 458 = -h. Let v = t + 311. Suppose 0*b = 5*b - v. What is the greatest common divisor of 22 and b?
11
Let m = 96 - 56. Let x = 511 - 506. What is the highest common divisor of m and x?
5
Let x = 5 + -10. Let s(c) = -41*c + 5. Let k be s(x). Let p = k + -126. What is the highest common factor of p and 14?
14
Let l be (1 - (3 + 1)) + 6. Suppose -64 = -l*c - c. Calculate the highest common divisor of 48 and c.
16
Let d be 8/5*1*5. Let h = -43 - -47. Let j be 2/h*14 - -1. Calculate the highest common factor of j and d.
8
Suppose 6*t - 5*y - 64 = 3*t, 3*t + y = 88. Calculate the greatest common divisor of 238 and t.
14
Suppose 5*t - 19 = -0*o + 4*o, -2*t - 2*o + 4 = 0. Let p = t + 0. Let j(l) = 2*l**2 - 2*l + 2. Let n be j(p). What is the greatest common factor of 98 and n?
14
Suppose 0 = 5*x - 25, 70 = -3*q + 2*q - 3*x. Let n be (36/(-10))/(17/q). Let r = 3 + n. What is the highest common factor of r and 3?
3
Let k(w) = -w**3 - 8*w**2 - 14*w + 14. Let c be k(-4). What is the highest common factor of 318 and c?
6
Suppose 4*z = 9*z - 5, -4*d - 2*z = -118. Let j(o) = -5*o**3 - 4*o**2 - 3*o - 1. Let i be j(-2). Calculate the highest common factor of i and d.
29
Suppose k - 471 = -457. What is the highest common factor of k and 2?
2
Let h(t) = 2*t + 6. Let g(u) = -u + 1. Let y(i) = -3*g(i) + h(i). Let c be y(3). What is the highest common divisor of 198 and c?
18
Let f = -32 + 364. Let u be f/12 - (-2)/6. Let h(n) = -2*n**3 + 5*n**2 + 28*n - 11. Let g be h(5). What is the highest common divisor of u and g?
4
Let o be 2/(-9) + (-47)/(-9). Suppose 0 = -o*r - 0*r + 15. Suppose -4*l + r = n - 11, -5*l = 0. Calculate the highest common divisor of n and 14.
14
Let x be (6/8)/(137/2740). Suppose -5 = -2*t + t. What is the greatest common factor of t and x?
5
Suppose 0*p + 2*p + 72 = -2*r, 3*p = 3*r - 108. Let m = 24 - p. What is the greatest common divisor of 12 and m?
12
Let y(b) = 3*b**3 - b**2. Let s be y(1). Let g = -379 - -562. Let q = g - 181. Calculate the highest common divisor of q and s.
2
Suppose -8*a = -68 - 172. Let y be 6/a - 132/10. Let r(c) = -9*c + 16. Let w be r(y). What is the highest common divisor of 19 and w?
19
Let b be (1 + 1)*12/8. Let g(a) = a**3 - a**2 - 4*a - 1. Let c be g(b). Suppose 12 = -3*d, c*r + d = 2*r + 44. Calculate the highest common factor of 128 and r.
16
Let y = -1365 + 1395. Let l = -424 + 229. Let r = -120 - l. What is the greatest common factor of r and y?
15
Suppose -d = 3*d - 384. Let x be d + -3 + (4 - (-2 - -3)). What is the greatest common factor of 12 and x?
12
Let y(k) = -k**3 - 13*k**2 + 31*k + 17. Let r be y(-15). Suppose -2*g = r*q - 114, -3*g + 0*q = q - 167. Calculate the highest common divisor of 5 and g.
5
Let f(d) = d**2 - 7*d - 13. Let j be f(-2). Calculate the greatest common divisor of 340 and j.
5
Let k be (-46)/(-4) - 5/10. Let a(g) = g + 63. Let w be a(-52). Calculate the highest common divisor of w and k.
11
Let d = 962 + -442. What is the highest common divisor of d and 80?
40
Suppose 5*r = 84 - 39. Let u be 2/11 - r*(-290)/165. Calculate the highest common factor of 40 and u.
8
Suppose 2*c = 3*c - 572. Suppose 3*h + c = 5*g, g - 5*g = -h - 452. What is the greatest common factor of g and 14?
14
Suppose -3*c = 4*s - 275, -2*c - c + 4*s = -235. Suppose 0 = -5*t + c + 15. What is the greatest common factor of 40 and t?
20
Suppose 5*l - 4*p = 1285, -4*l + 8*p - 6*p = -1034. Calculate the highest common factor of l and 348.
87
Let g be 11/((-220)/(-650))*(-84)/(-10). Calculate the greatest common factor of g and 156.
39
Let q = -18 + 30. Suppose -3*g + 3*r = -q - 6, 0 = -2*g + 5*r + 27. Suppose 16*n + 1105 = 1217. What is the greatest common factor of n and g?
1
Let o be -116*3/(-4) + -1*3. Calculate the highest common factor of o and 36.
12
Let n = -15 - -8. Let z be (n/(-2))/(2/40). What is the highest common divisor of 10 and z?
10
Let i(z) = 7*z - 7. Let c be i(-5). Let m = c - -26. Let d = -11 - m.